 (-5)/2*v/(-15). Suppose -8 = -2*w - d*b, 0 = -2*w - 2*b - 2*b. What is the units digit of w?
8
Suppose 0 = x + 5*s - 1, 5 = -x - 4*s + 10. Suppose 3*w + m = 4*m + x, 3*w + 5*m - 37 = 0. What is the units digit of w?
9
Let o(r) be the first derivative of -7*r**3/3 + 2. Let w be o(1). Let g = 12 + w. What is the units digit of g?
5
Let h(m) = m**3 - 6*m**2 + 3*m - 8. Let n be h(6). Let t be (-1)/5 + 42/n. Suppose -2*z + 2 = l, -2*l + z + t = -0*l. What is the units digit of l?
2
Let v = 11 - -12. What is the units digit of v?
3
Let j(n) = -4*n. Let a(y) = -y**2 - 5*y - 6. Let m be a(-6). What is the units digit of j(m)?
8
Suppose 0 = -4*a + 3*t + t + 36, -4*a - 4*t + 44 = 0. Let v(k) = -a*k - 2 - k**2 + 7 + 0. What is the units digit of v(-9)?
4
Let n be ((4 - 2) + 0)/2. Let v = 5 + n. Suppose -3*o + 18 = -v. What is the units digit of o?
8
Suppose 0 = y - 42 - 1. What is the tens digit of y?
4
Let h be (4/(-6))/((-4)/108). Suppose -5*q + 2 = -h. What is the units digit of q?
4
Let t = -3 - -1. Let r be -1 - (-1 - t)*7. Let l = r - -13. What is the units digit of l?
5
Let q(l) = l**3 - 4*l**2 - 5*l - 11. What is the tens digit of q(7)?
0
Let h be 15*(0 - (-2)/3). Let c(m) = m - 5. Let v be c(7). Let b = h - v. What is the units digit of b?
8
Suppose 2*p - 4*l = 4, 0 = 2*p + p + l + 1. Suppose x = -p + 8. What is the units digit of x?
8
Let r(u) = u + 27. What is the tens digit of r(0)?
2
What is the units digit of ((-360)/(-6))/((-3)/(-2))?
0
Let a(d) = d - 2. Let n be a(5). Suppose 0 = g - 2*t - 23, 0 = -n*g - 4*t + 111 + 8. What is the units digit of g?
3
Let f(c) = -5*c. Let i be f(-1). Suppose 0 = -4*u + 12 + 16. Suppose -4*t = 3*m - 48, -i*t + u*m + 29 = 3*m. What is the units digit of t?
9
What is the units digit of (-3 + (-21)/(-6))*(1 + 25)?
3
Let w(k) = k**2 - 2*k. Let b be w(3). Let l be b*5/(10/4). Suppose -a = -l*a + 50. What is the units digit of a?
0
Let r be -1 - 3/3*-1. Suppose -5*h = 2*x - 22, r = -0*h - 2*h - 5*x + 13. Suppose 2*b - 8 = -h. What is the units digit of b?
2
Suppose -5*g + 24 - 9 = 0. Suppose 0 = -2*d + 2*t + g*t + 63, 4*d = 4*t + 108. What is the units digit of d?
4
Let i be (6/3)/1 - 2. Suppose i = -3*b - 9 + 24. Suppose 3*z - 33 = b*r, -6*z + z = -r - 33. What is the units digit of z?
6
Suppose -5*f = -2 - 8. What is the units digit of f?
2
Let y(c) = -29*c - 8. What is the units digit of y(-3)?
9
Let r be (-39)/(-3) + -3 + -2. Let y(p) = -p**2 - p + 19. Let o be y(0). Let u = o - r. What is the units digit of u?
1
Let g(y) = 2*y - 7. Let l be g(5). Suppose -s - 16 = -3*m, -2*s + 18 = l*m + m. Let j = m + -3. What is the units digit of j?
2
Let u be (-123)/(-12) + (-2)/8. Suppose -2*i = -3*i + u. What is the tens digit of i?
1
Let i = -1 - -4. Let o = 4 - i. What is the units digit of o?
1
Let c be (-7)/(-14) - 46/4. Let y = 20 + c. What is the units digit of y?
9
Let q = 13 + -7. Let o(n) be the first derivative of -n**4/4 + 5*n**3/3 + 5*n**2 - 9*n + 6. What is the units digit of o(q)?
5
Let g = 4 - 0. Let v(o) = -o**3 + 3*o**2 + 6*o - 3. What is the units digit of v(g)?
5
Suppose 5*k = 52 + 123. What is the tens digit of k?
3
What is the units digit of 0 - (-91 + 8/4)?
9
Suppose 0 = -2*j + 4*o + 148, 2*o = -0*o + 10. Suppose 3*s + 5*z - 159 = 0, -2*s = -z - 3*z - j. What is the tens digit of s?
4
Let f = -6 - -11. Let o(h) = -h**2 + 4*h + 6. Let k be o(f). What is the tens digit of 10 + k - (-3 - -1)?
1
Suppose 2 = -2*k + 8. Suppose -2*g + a + 26 = 2*a, 0 = -2*g + k*a + 42. What is the units digit of g?
5
Let a = 23 - 44. Let y = a - -23. What is the units digit of y?
2
Let x be (0 - -1 - -12) + 1. Suppose -y + 0*y = -4, x = -d + 4*y. What is the units digit of d?
2
What is the units digit of (-27)/(-2 - 4/(-8))?
8
Suppose -2*g - 2*y + 62 = 0, -g = 4*g - 3*y - 115. Suppose o - 15 = g. What is the units digit of o?
1
Let x be -1 + (0 - (3 + -2)). What is the units digit of x/5 + 156/15?
0
Let w = 2 - 12. What is the units digit of (w/(0 - 2))/1?
5
Suppose -2*f = -0*f + 5*p - 18, f - p - 2 = 0. Let b(s) = -s + 1. Let a be b(-4). Suppose -g + 0*g - 12 = a*v, -f*v - 8 = g. What is the units digit of g?
8
Let f(y) = 4*y**2 - 3*y + 14. What is the units digit of f(7)?
9
Suppose 0 = -5*y + 5*a + 685, -21 = -2*y + 3*a + 255. What is the hundreds digit of y?
1
Let i(d) = -11*d**2 + 25*d - 44. Let q(z) = 4*z**2 - 8*z + 15. Let c(y) = -3*i(y) - 8*q(y). What is the units digit of c(10)?
2
Let n = 23 - 54. Let i = 82 + n. What is the tens digit of i?
5
Let m = 5 - 4. Suppose -q + 18 = 2*f, -15 + m = -q - 3*f. Suppose 4*g - q = 2*g. What is the tens digit of g?
1
Let u = 22 - 12. Let a(c) = 2*c - 7. Let j be a(5). Suppose o + u = s + 3*o, -j*o = 2*s - 19. What is the units digit of s?
8
Let j(p) = -p**2 + 9*p - 2. What is the units digit of j(7)?
2
Suppose 5*k + 25 = 0, -23 = -2*j - 2*j + 3*k. What is the units digit of (10/5)/(j*1)?
1
Suppose k - 1 = 1. Suppose -k*n = -13 + 3. Suppose 40 + 20 = n*q. What is the tens digit of q?
1
Suppose -2*v - 3*v = -80. Let i = v - 2. What is the units digit of i?
4
Let u be (-5)/(-5)*(-4)/2. Let q be u/((16/(-6))/4). Suppose 4*a = -1 - 3, -q*o - a + 35 = 0. What is the tens digit of o?
1
Let a = 21 + 7. What is the units digit of a?
8
Let i = -58 - -86. What is the tens digit of i?
2
Let m(t) = t**3 + 7*t**2 - 2*t - 8. Suppose 0 = -4*x - 3*f + 3 - 37, -x = -4*f - 1. What is the units digit of m(x)?
6
Suppose -3*b = -5*q - 4, -2*b + 2*q = 7*q - 11. Suppose -o + b*o = 46. What is the units digit of o?
3
Let q be (8/(-14))/(2/(-7)). Suppose 0 = 2*x - q - 22. What is the units digit of x?
2
Suppose 4*m = -5*t + 5*m + 15, -5*t - 2*m = -15. Suppose -6*p - 14 = -4*p + t*x, -5*p + 5*x = 10. What is the units digit of 2/p + (-27)/(-6)?
4
Suppose 0 = 2*a + 2*z - 444, 3*a - z - 2*z - 678 = 0. What is the tens digit of a?
2
Let w(f) = -f**3 + 15*f**2 + f - 10. Let m be w(15). Suppose -3*h - m*c = -109, h + c - 32 = 1. What is the units digit of h?
8
Let c(d) = -2*d**3 + 4*d**2 - 4*d + 2. Let l be c(2). Let s = l - -8. What is the units digit of s?
2
Suppose 3*c - 3*d - 333 = -0*d, 0 = -2*d + 2. What is the tens digit of c/(16/4) - 2?
2
Suppose 0 = -4*l + 1707 - 283. What is the units digit of l?
6
Let q(d) = -2 - d + 24 - 1 + 22. What is the tens digit of q(0)?
4
Let y(s) be the first derivative of -s**3/6 + s + 2. Let r(o) be the first derivative of y(o). What is the units digit of r(-1)?
1
Let d(o) = -o**2 - 2 + 0*o + 3 - 4*o + 3. Let r be d(-4). What is the units digit of 5 - r*(-3)/6?
7
Let x(s) = -19*s + 26. What is the units digit of x(-10)?
6
Let a(o) be the third derivative of -o**6/120 - o**5/30 + o**4/8 - 3*o**2. Let d be a(-3). Suppose d = -3*v - 0 + 6. What is the units digit of v?
2
Let a(b) = 11*b + 12. What is the units digit of a(3)?
5
Suppose 252 = 5*n - n. Suppose 0 = 3*d - d - 8. Suppose n - 19 = d*y. What is the units digit of y?
1
Let a(l) = -1 - 3*l**2 + 17*l**2 + 2. What is the units digit of a(1)?
5
Let i(o) = o**3 + 3*o**2 + 2*o + 3. Let t be i(-2). Suppose -2*v - c + 1 = 0, -3 = t*v + 4*c - c. What is the units digit of v?
2
Suppose u = 4*u - 27. What is the units digit of u?
9
Let m(q) = 3*q**2 + q + 21. What is the hundreds digit of m(-10)?
3
Suppose -4*z + 0*z = 5*r + 10, 0 = z. What is the units digit of 6/4 + (-7)/r?
5
Suppose 15*r - 925 = 10*r. What is the hundreds digit of r?
1
Let a(u) = -67*u - 16. What is the units digit of a(-3)?
5
Let i(a) be the second derivative of a**5/20 + 9*a**2 + 2*a. What is the units digit of i(0)?
8
Suppose -5*r + 2*r = 0. Suppose -4*u = 4*m, -5 = 3*u - r*m + 4*m. What is the units digit of u?
5
Let a(j) = j**3 - 10*j**2 - 11*j + 2. Let m be a(11). Suppose 0 = -4*n - m*z + 7*z + 44, 2*n - z = 22. What is the tens digit of n?
1
Suppose -3*d + 2*z - 266 = -7*d, 2*d - 2*z - 136 = 0. What is the units digit of d?
7
Let r be 48/27 - (-2)/9. Suppose -r*p = 2*p. Suppose 18 = 2*m - p*m. What is the units digit of m?
9
Let k = 0 - 5. Let y = -6 + k. Let j = y - -18. What is the units digit of j?
7
Let w = -59 - -105. What is the tens digit of w?
4
Let l(t) = t**3 + 8*t**2 + 7*t + 8. Let h(i) = -i**3 - 4*i**2 - 2*i - 4. Let y be h(-3). What is the units digit of l(y)?
8
Suppose 3*j = 4*j + 17. Let u(g) = g**2 - g - 25. Let c be u(0). Let 